{"id":189,"date":"2017-04-25T13:19:41","date_gmt":"2017-04-25T13:19:41","guid":{"rendered":"http:\/\/engage.veented.com\/gym\/?page_id=189"},"modified":"2020-08-27T23:35:46","modified_gmt":"2020-08-27T23:35:46","slug":"home-3","status":"publish","type":"page","link":"https:\/\/www.stylecars.it\/fr\/","title":{"rendered":"Home"},"content":{"rendered":"<p>[vc_row color_scheme=\u00a0\u00bbwhite\u00a0\u00bb css=\u00a0\u00bb.vc_custom_1488890943270{background-position: center !important;background-repeat: no-repeat !important;background-size: cover !important;}\u00a0\u00bb][vc_column]<style type=\"text\/css\">#hero-section-2395,#hero-section-2395 .hero-container{height:700px !important;}@media (max-width: 768px){ #hero-section-2395,#hero-section-2395 .hero-container{height: 520px !important;}}@media (max-width: 480px){ #hero-section-2395,#hero-section-2395 .hero-container{height: 500px !important;}}#hero-section-2395 .hero-content{margin-top:40px;}<\/style><div id=\"hero-section-2395\" class=\"vntd-hero vntd-section hero-section hero-media-images arrow-nav-side color-scheme-white fullwidth-section\"><div class=\"hero-container\">\n\t\t<div class=\"hero-bg hero-bg-image\" style=\"background-image:url('https:\/\/www.stylecars.it\/wp-content\/uploads\/2020\/07\/ferrari_1-5.jpg');\"><img decoding=\"async\" class=\"vntd-fake-image\" src=\"https:\/\/www.stylecars.it\/wp-content\/uploads\/2020\/07\/ferrari_1-5.jpg\"><\/div><div id=\"bg-overlay-2395\" class=\"bg-overlay bg-overlay-dark40\"><\/div>\n\t\t<!-- Home Inner Details -->\n\t\t<div class=\"hero-inner hero-align-left hero-content-narrow container\">\n\n\t\t\t\n\t\t\t<div class=\"hero-content vertical-align-middle\"><div class=\"hero-content-inner\">\n\n\t\t\t\n\t\t\t<\/div><\/div>\n\n\t\t<\/div>\n\n\t\t<!-- End Content -->\n\n\t\t<\/div><\/div>[\/vc_column][\/vc_row][vc_row color_scheme=\u00a0\u00bbwhite\u00a0\u00bb bg_gradient1=\u00a0\u00bb#919191&Prime; css=\u00a0\u00bb.vc_custom_1594215867312{background-color: #d8d8d8 !important;}\u00a0\u00bb][vc_column width=\u00a0\u00bb1\/6&Prime;][\/vc_column][vc_column width=\u00a0\u00bb3\/6&Prime;][vc_column_text]<\/p>\n<h2 style=\"text-align: center;\"><span style=\"color: #666666;\">VOULEZ-VOUS VOIR NOS VOITURES DISPONIBLES?<\/span><\/h2>\n<p>[\/vc_column_text][\/vc_column][vc_column width=\u00a0\u00bb1\/6&Prime;]<div class=\"btn-holder btn-align-center\"><a href=\"https:\/\/www.stylecars.it\/fr\/showroom\" title=\"\" class=\"btn btn-large btn-circle btn-solid  btn-custom btn-hover-dark\" target=\"\" style=\"border-color:#e80100;background-color:#e80100;\" >Visitez le showroom<\/a><\/div>[\/vc_column][vc_column width=\u00a0\u00bb1\/6&Prime;][\/vc_column][\/vc_row][vc_row][vc_column][vc_empty_space height=\u00a0\u00bb20px\u00a0\u00bb][\/vc_column][\/vc_row][vc_row equal_height=\u00a0\u00bbyes\u00a0\u00bb content_placement=\u00a0\u00bbmiddle\u00a0\u00bb css=\u00a0\u00bb.vc_custom_1584790234624{padding-top: 90px !important;padding-bottom: 90px !important;}\u00a0\u00bb][vc_column width=\u00a0\u00bb1\/2&Prime; col_padding=\u00a0\u00bb2&Prime; col_padding_side=\u00a0\u00bbright\u00a0\u00bb][vc_single_image image=\u00a0\u00bb7116&Prime; img_size=\u00a0\u00bb800&#215;700&Prime; css_animation=\u00a0\u00bbnone\u00a0\u00bb css=\u00a0\u00bb.vc_custom_1572872629642{margin-bottom: 0px !important;}\u00a0\u00bb][\/vc_column][vc_column width=\u00a0\u00bb1\/2&Prime; col_padding=\u00a0\u00bb2&Prime; col_padding_side=\u00a0\u00bbleft\u00a0\u00bb][vc_column_text font_size=\u00a0\u00bbmedium\u00a0\u00bb]<\/p>\n<h2 style=\"text-align: center;\">\u00c0\u00a0propos de nous<\/h2>\n<p>[\/vc_column_text][vc_column_text]La forte passion pour le monde des moteurs m&rsquo;a \u00e9t\u00e9 transmise d\u00e8s mon plus jeune \u00e2ge.<\/p>\n<p>Cela m&rsquo;a conduit \u00e0 entrer en contact avec de nombreux collectionneurs, passionn\u00e9s et personnes comp\u00e9tentes, dans un secteur o\u00f9 les connaissances techniques sont essentielles.<\/p>\n<p>Tout \u00e7a, combin\u00e9 \u00e0 ma curiosit\u00e9 et \u00e0 mon envie d&rsquo;apprendre, m&rsquo;a conduit \u00e0 faire de ma passion un m\u00e9tier en 2010.<\/p>\n<p>Je mets depuis \u00e0 disposition de mes clients mes connaissances acquises pour les aider \u00e0 trouver la voiture de leurs r\u00eaves, les accompagner dans la vente ou m\u00eame simplement leur donner de bons conseils.[\/vc_column_text]<div class=\"wpb_content_element\"><div class=\"wpb_wrapper\"><div class=\"vntd-separator separator-color-default\"><\/div><\/div><\/div>[vc_column_text]Gianluca Mistri[\/vc_column_text][\/vc_column][\/vc_row][vc_row disable_element=\u00a0\u00bbyes\u00a0\u00bb css=\u00a0\u00bb.vc_custom_1592949384078{padding-top: 85px !important;padding-bottom: 45px !important;}\u00a0\u00bb][vc_column width=\u00a0\u00bb1\/4&Prime;]<div class=\"vntd-icon-box vntd-content-element box-centered-boxed icon-size-medium box-centered\"><div class=\"icon-box-icon color-gray\"><i class=\"fa fa-users\"><\/i><\/div><div class=\"icon-box-content\"><h5 class=\"icon-box-title\">Professionalit\u00e0<\/h5><p class=\"icon-description\">Preparazione e seriet\u00e0, due parole che riteniamo molto importanti.<br \/>\nOgni giorno cerchiamo di migliorarci per offrire al cliente un'esperienza unica.<\/p><\/div><\/div>[\/vc_column][vc_column width=\u00a0\u00bb1\/4&Prime;]<div class=\"vntd-icon-box vntd-content-element box-centered-boxed icon-size-medium box-centered\"><div class=\"icon-box-icon color-gray\"><i class=\"fa fa-thumb-tack\"><\/i><\/div><div class=\"icon-box-content\"><h5 class=\"icon-box-title\">Ottima posizione<\/h5><p class=\"icon-description\">Ci troviamo a Leffe (BG), la nostra sede \u00e8 facilmente raggiungibile dalle uscite autostradali di Bergamo e Seriate, e da tutti gli aeroporti della Lombardia.<\/p><\/div><\/div>[\/vc_column][vc_column width=\u00a0\u00bb1\/4&Prime;]<div class=\"vntd-icon-box vntd-content-element box-centered-boxed icon-size-medium box-centered\"><div class=\"icon-box-icon color-gray\"><i class=\"fa fa-car\"><\/i><\/div><div class=\"icon-box-content\"><h5 class=\"icon-box-title\">Vendita rapida<\/h5><p class=\"icon-description\">Tutte le auto presenti sul nostro sito sono immediatamente disponibili, forniamo tutta l'assistenza necessaria per concludere l'acquisto nel minor tempo possibile.<\/p><\/div><\/div>[\/vc_column][vc_column width=\u00a0\u00bb1\/4&Prime;]<div class=\"vntd-icon-box vntd-content-element box-centered-boxed icon-size-medium box-centered\"><div class=\"icon-box-icon color-gray\"><i class=\"fa fa-thumbs-o-up\"><\/i><\/div><div class=\"icon-box-content\"><h5 class=\"icon-box-title\">Soddisfazione del cliente<\/h5><p class=\"icon-description\">Guidiamo il cliente ad un acquisto adatto alle sue esigenze.<br \/>\nProprio per questo rapporto spesso i clienti si sono trasformati in buoni amici.<\/p><\/div><\/div>[\/vc_column][\/vc_row][vc_row css=\u00a0\u00bb.vc_custom_1594029439798{margin-top: 0px !important;margin-bottom: 0px !important;border-top-width: 0px !important;border-bottom-width: 0px !important;padding-top: 30px !important;padding-bottom: 15px !important;}\u00a0\u00bb][vc_column][vc_column_text]<\/p>\n<h2 style=\"text-align: center;\">POURQUOI NOUS CHOISIR?<\/h2>\n<p>[\/vc_column_text][\/vc_column][\/vc_row][vc_row css=\u00a0\u00bb.vc_custom_1594029373685{margin-top: 0px !important;border-top-width: 0px !important;padding-top: 0px !important;padding-bottom: 45px !important;}\u00a0\u00bb][vc_column width=\u00a0\u00bb1\/3&Prime;]<div class=\"vntd-icon-box vntd-content-element box-centered-basic icon-size-medium box-centered\"><div class=\"icon-box-icon\"><i class=\"fas fa-car\"><\/i><\/div><div class=\"icon-box-content\"><h5 class=\"icon-box-title\">Disponibilit\u00e9 imm\u00e9diate<\/h5><p class=\"icon-description\">Toutes les voitures pr\u00e9sentes sur notre site web sont imm\u00e9diatement disponibles sur place.<br \/>\nNous fournissons aux clients toute l'assistance n\u00e9cessaire pour finaliser l'achat dans les plus brefs d\u00e9lais.<\/p><\/div><\/div>[\/vc_column][vc_column width=\u00a0\u00bb1\/3&Prime;]<div class=\"vntd-icon-box vntd-content-element box-centered-basic icon-size-medium box-centered\"><div class=\"icon-box-icon\"><i class=\"far fa-thumbs-up\"><\/i><\/div><div class=\"icon-box-content\"><h5 class=\"icon-box-title\">Professionnalisme<\/h5><p class=\"icon-description\">La satisfaction du client est notre premier objectif, c'est pour \u00e7a que nous mettons \u00e0 votre disposition toutes nos comp\u00e9tences et notre s\u00e9rieux, en vous recommandant des achats adapt\u00e9s \u00e0 vos besoins.<\/p><\/div><\/div>[\/vc_column][vc_column width=\u00a0\u00bb1\/3&Prime;]<div class=\"vntd-icon-box vntd-content-element box-centered-basic icon-size-medium box-centered\"><div class=\"icon-box-icon\"><i class=\"vc_li vc_li-location\"><\/i><\/div><div class=\"icon-box-content\"><h5 class=\"icon-box-title\">Excellente position<\/h5><p class=\"icon-description\">Notre si\u00e8ge \u00e0 Leffe (Bergamo) est facilement accessible gr\u00e2ce \u00e0 la proximit\u00e9 de l'a\u00e9roport Orio al Serio (BGY) et des sorties d'autoroute A4 Bergamo et Seriate.<\/p><\/div><\/div>[\/vc_column][\/vc_row][vc_row full_width=\u00a0\u00bbstretch_row_content_no_spaces\u00a0\u00bb css=\u00a0\u00bb.vc_custom_1494250266432{padding-top: 0px !important;}\u00a0\u00bb][vc_column]<div class=\"vntd-cta cta-text-color-dark bg-color-accent cta-align-center\"><div class=\"container\"><div class=\"row\"><div class=\"cta-texts\"><h2 class=\"cta-heading\"><span>Voulez-vous vendre votre voiture?<\/span><\/h2><p class=\"cta-subtitle\">Nous pouvons avoir ou trouver la meilleure solution pour vous.<\/p><\/div><div class=\"cta-buttons\"><a href=\"https:\/\/www.stylecars.it\/vendi-la-tua-auto\" title=\"Vendi la tua auto\" class=\"btn cta-btn1 btn-solid btn-accent3 btn-hover-dark\">Contactez-nous<\/a><\/div><\/div><\/div><\/div>[\/vc_column][\/vc_row]<\/p>\n","protected":false},"excerpt":{"rendered":"<p>[vc_row color_scheme=\u00a0\u00bbwhite\u00a0\u00bb css=\u00a0\u00bb.vc_custom_1488890943270{background-position: center !important;background-repeat: no-repeat !important;background-size: cover !important;}\u00a0\u00bb][vc_column][\/vc_column][\/vc_row][vc_row color_scheme=\u00a0\u00bbwhite\u00a0\u00bb bg_gradient1=\u00a0\u00bb#919191&Prime; css=\u00a0\u00bb.vc_custom_1594215867312{background-color: #d8d8d8 !important;}\u00a0\u00bb][vc_column width=\u00a0\u00bb1\/6&Prime;][\/vc_column][vc_column width=\u00a0\u00bb3\/6&Prime;][vc_column_text] VOULEZ-VOUS VOIR NOS VOITURES DISPONIBLES? [\/vc_column_text][\/vc_column][vc_column width=\u00a0\u00bb1\/6&Prime;][\/vc_column][vc_column width=\u00a0\u00bb1\/6&Prime;][\/vc_column][\/vc_row][vc_row][vc_column][vc_empty_space height=\u00a0\u00bb20px\u00a0\u00bb][\/vc_column][\/vc_row][vc_row equal_height=\u00a0\u00bbyes\u00a0\u00bb content_placement=\u00a0\u00bbmiddle\u00a0\u00bb css=\u00a0\u00bb.vc_custom_1584790234624{padding-top: 90px !important;padding-bottom: 90px !important;}\u00a0\u00bb][vc_column width=\u00a0\u00bb1\/2&Prime; col_padding=\u00a0\u00bb2&Prime; col_padding_side=\u00a0\u00bbright\u00a0\u00bb][vc_single_image image=\u00a0\u00bb7116&Prime; img_size=\u00a0\u00bb800&#215;700&Prime; css_animation=\u00a0\u00bbnone\u00a0\u00bb css=\u00a0\u00bb.vc_custom_1572872629642{margin-bottom: 0px !important;}\u00a0\u00bb][\/vc_column][vc_column width=\u00a0\u00bb1\/2&Prime; col_padding=\u00a0\u00bb2&Prime; col_padding_side=\u00a0\u00bbleft\u00a0\u00bb][vc_column_text font_size=\u00a0\u00bbmedium\u00a0\u00bb] \u00c0\u00a0propos de nous [\/vc_column_text][vc_column_text]La forte [&hellip;]<\/p>\n","protected":false},"author":1,"featured_media":0,"parent":0,"menu_order":0,"comment_status":"closed","ping_status":"closed","template":"","meta":{"_exactmetrics_skip_tracking":false,"_exactmetrics_sitenote_active":false,"_exactmetrics_sitenote_note":"","_exactmetrics_sitenote_category":0,"footnotes":""},"class_list":["post-189","page","type-page","status-publish","hentry"],"translation":{"provider":"WPGlobus","version":"3.0.0","language":"fr","enabled_languages":["it","en","de","fr","es"],"languages":{"it":{"title":true,"content":true,"excerpt":false},"en":{"title":true,"content":true,"excerpt":false},"de":{"title":false,"content":true,"excerpt":false},"fr":{"title":false,"content":true,"excerpt":false},"es":{"title":false,"content":true,"excerpt":false}}},"_links":{"self":[{"href":"https:\/\/www.stylecars.it\/fr\/wp-json\/wp\/v2\/pages\/189","targetHints":{"allow":["GET"]}}],"collection":[{"href":"https:\/\/www.stylecars.it\/fr\/wp-json\/wp\/v2\/pages"}],"about":[{"href":"https:\/\/www.stylecars.it\/fr\/wp-json\/wp\/v2\/types\/page"}],"author":[{"embeddable":true,"href":"https:\/\/www.stylecars.it\/fr\/wp-json\/wp\/v2\/users\/1"}],"replies":[{"embeddable":true,"href":"https:\/\/www.stylecars.it\/fr\/wp-json\/wp\/v2\/comments?post=189"}],"version-history":[{"count":75,"href":"https:\/\/www.stylecars.it\/fr\/wp-json\/wp\/v2\/pages\/189\/revisions"}],"predecessor-version":[{"id":7201,"href":"https:\/\/www.stylecars.it\/fr\/wp-json\/wp\/v2\/pages\/189\/revisions\/7201"}],"wp:attachment":[{"href":"https:\/\/www.stylecars.it\/fr\/wp-json\/wp\/v2\/media?parent=189"}],"curies":[{"name":"wp","href":"https:\/\/api.w.org\/{rel}","templated":true}]}}

<p>[vc_row color_scheme= »white » css= ».vc_custom_1488890943270{background-position: center !important;background-repeat: no-repeat !important;background-size: cover !important;} »][vc_column]<style type="text/css">#hero-section-2395,#hero-section-2395 .hero-container{height:700px !important;}@media (max-width: 768px){ #hero-section-2395,#hero-section-2395 .hero-container{height: 520px !important;}}@media (max-width: 480px){ #hero-section-2395,#hero-section-2395 .hero-container{height: 500px !important;}}#hero-section-2395 .hero-content{margin-top:40px;}</style><div id="hero-section-2395" class="vntd-hero vntd-section hero-section hero-media-images arrow-nav-side color-scheme-white fullwidth-section"><div class="hero-container">
		<div class="hero-bg hero-bg-image" style="background-image:url('https://www.stylecars.it/wp-content/uploads/2020/07/ferrari_1-5.jpg');"><img decoding="async" class="vntd-fake-image" src="https://www.stylecars.it/wp-content/uploads/2020/07/ferrari_1-5.jpg"></div><div id="bg-overlay-2395" class="bg-overlay bg-overlay-dark40"></div>
		<!-- Home Inner Details -->
		<div class="hero-inner hero-align-left hero-content-narrow container">

			
			<div class="hero-content vertical-align-middle"><div class="hero-content-inner">

			
			</div></div>

		</div>

		<!-- End Content -->

		</div></div>[/vc_column][/vc_row][vc_row color_scheme= »white » bg_gradient1= »#919191&Prime; css= ».vc_custom_1594215867312{background-color: #d8d8d8 !important;} »][vc_column width= »1/6&Prime;][/vc_column][vc_column width= »3/6&Prime;][vc_column_text]</p>
<h2 style="text-align: center;"><span style="color: #666666;">VOULEZ-VOUS VOIR NOS VOITURES DISPONIBLES?</span></h2>
<p>[/vc_column_text][/vc_column][vc_column width= »1/6&Prime;]<div class="btn-holder btn-align-center"><a href="https://www.stylecars.it/fr/showroom" title="" class="btn btn-large btn-circle btn-solid  btn-custom btn-hover-dark" target="" style="border-color:#e80100;background-color:#e80100;" >Visitez le showroom</a></div>[/vc_column][vc_column width= »1/6&Prime;][/vc_column][/vc_row][vc_row][vc_column][vc_empty_space height= »20px »][/vc_column][/vc_row][vc_row equal_height= »yes » content_placement= »middle » css= ».vc_custom_1584790234624{padding-top: 90px !important;padding-bottom: 90px !important;} »][vc_column width= »1/2&Prime; col_padding= »2&Prime; col_padding_side= »right »][vc_single_image image= »7116&Prime; img_size= »800&#215;700&Prime; css_animation= »none » css= ».vc_custom_1572872629642{margin-bottom: 0px !important;} »][/vc_column][vc_column width= »1/2&Prime; col_padding= »2&Prime; col_padding_side= »left »][vc_column_text font_size= »medium »]</p>
<h2 style="text-align: center;">À propos de nous</h2>
<p>[/vc_column_text][vc_column_text]La forte passion pour le monde des moteurs m&rsquo;a été transmise dès mon plus jeune âge.</p>
<p>Cela m&rsquo;a conduit à entrer en contact avec de nombreux collectionneurs, passionnés et personnes compétentes, dans un secteur où les connaissances techniques sont essentielles.</p>
<p>Tout ça, combiné à ma curiosité et à mon envie d&rsquo;apprendre, m&rsquo;a conduit à faire de ma passion un métier en 2010.</p>
<p>Je mets depuis à disposition de mes clients mes connaissances acquises pour les aider à trouver la voiture de leurs rêves, les accompagner dans la vente ou même simplement leur donner de bons conseils.[/vc_column_text]<div class="wpb_content_element"><div class="wpb_wrapper"><div class="vntd-separator separator-color-default"></div></div></div>[vc_column_text]Gianluca Mistri[/vc_column_text][/vc_column][/vc_row][vc_row disable_element= »yes » css= ».vc_custom_1592949384078{padding-top: 85px !important;padding-bottom: 45px !important;} »][vc_column width= »1/4&Prime;]<div class="vntd-icon-box vntd-content-element box-centered-boxed icon-size-medium box-centered"><div class="icon-box-icon color-gray"><i class="fa fa-users"></i></div><div class="icon-box-content"><h5 class="icon-box-title">Professionalità</h5><p class="icon-description">Preparazione e serietà, due parole che riteniamo molto importanti.<br />
Ogni giorno cerchiamo di migliorarci per offrire al cliente un'esperienza unica.</p></div></div>[/vc_column][vc_column width= »1/4&Prime;]<div class="vntd-icon-box vntd-content-element box-centered-boxed icon-size-medium box-centered"><div class="icon-box-icon color-gray"><i class="fa fa-thumb-tack"></i></div><div class="icon-box-content"><h5 class="icon-box-title">Ottima posizione</h5><p class="icon-description">Ci troviamo a Leffe (BG), la nostra sede è facilmente raggiungibile dalle uscite autostradali di Bergamo e Seriate, e da tutti gli aeroporti della Lombardia.</p></div></div>[/vc_column][vc_column width= »1/4&Prime;]<div class="vntd-icon-box vntd-content-element box-centered-boxed icon-size-medium box-centered"><div class="icon-box-icon color-gray"><i class="fa fa-car"></i></div><div class="icon-box-content"><h5 class="icon-box-title">Vendita rapida</h5><p class="icon-description">Tutte le auto presenti sul nostro sito sono immediatamente disponibili, forniamo tutta l'assistenza necessaria per concludere l'acquisto nel minor tempo possibile.</p></div></div>[/vc_column][vc_column width= »1/4&Prime;]<div class="vntd-icon-box vntd-content-element box-centered-boxed icon-size-medium box-centered"><div class="icon-box-icon color-gray"><i class="fa fa-thumbs-o-up"></i></div><div class="icon-box-content"><h5 class="icon-box-title">Soddisfazione del cliente</h5><p class="icon-description">Guidiamo il cliente ad un acquisto adatto alle sue esigenze.<br />
Proprio per questo rapporto spesso i clienti si sono trasformati in buoni amici.</p></div></div>[/vc_column][/vc_row][vc_row css= ».vc_custom_1594029439798{margin-top: 0px !important;margin-bottom: 0px !important;border-top-width: 0px !important;border-bottom-width: 0px !important;padding-top: 30px !important;padding-bottom: 15px !important;} »][vc_column][vc_column_text]</p>
<h2 style="text-align: center;">POURQUOI NOUS CHOISIR?</h2>
<p>[/vc_column_text][/vc_column][/vc_row][vc_row css= ».vc_custom_1594029373685{margin-top: 0px !important;border-top-width: 0px !important;padding-top: 0px !important;padding-bottom: 45px !important;} »][vc_column width= »1/3&Prime;]<div class="vntd-icon-box vntd-content-element box-centered-basic icon-size-medium box-centered"><div class="icon-box-icon"><i class="fas fa-car"></i></div><div class="icon-box-content"><h5 class="icon-box-title">Disponibilité immédiate</h5><p class="icon-description">Toutes les voitures présentes sur notre site web sont immédiatement disponibles sur place.<br />
Nous fournissons aux clients toute l'assistance nécessaire pour finaliser l'achat dans les plus brefs délais.</p></div></div>[/vc_column][vc_column width= »1/3&Prime;]<div class="vntd-icon-box vntd-content-element box-centered-basic icon-size-medium box-centered"><div class="icon-box-icon"><i class="far fa-thumbs-up"></i></div><div class="icon-box-content"><h5 class="icon-box-title">Professionnalisme</h5><p class="icon-description">La satisfaction du client est notre premier objectif, c'est pour ça que nous mettons à votre disposition toutes nos compétences et notre sérieux, en vous recommandant des achats adaptés à vos besoins.</p></div></div>[/vc_column][vc_column width= »1/3&Prime;]<div class="vntd-icon-box vntd-content-element box-centered-basic icon-size-medium box-centered"><div class="icon-box-icon"><i class="vc_li vc_li-location"></i></div><div class="icon-box-content"><h5 class="icon-box-title">Excellente position</h5><p class="icon-description">Notre siège à Leffe (Bergamo) est facilement accessible grâce à la proximité de l'aéroport Orio al Serio (BGY) et des sorties d'autoroute A4 Bergamo et Seriate.</p></div></div>[/vc_column][/vc_row][vc_row full_width= »stretch_row_content_no_spaces » css= ».vc_custom_1494250266432{padding-top: 0px !important;} »][vc_column]<div class="vntd-cta cta-text-color-dark bg-color-accent cta-align-center"><div class="container"><div class="row"><div class="cta-texts"><h2 class="cta-heading"><span>Voulez-vous vendre votre voiture?</span></h2><p class="cta-subtitle">Nous pouvons avoir ou trouver la meilleure solution pour vous.</p></div><div class="cta-buttons"><a href="https://www.stylecars.it/vendi-la-tua-auto" title="Vendi la tua auto" class="btn cta-btn1 btn-solid btn-accent3 btn-hover-dark">Contactez-nous</a></div></div></div></div>[/vc_column][/vc_row]</p>

<p>[vc_row color_scheme= »white » css= ».vc_custom_1488890943270{background-position: center !important;background-repeat: no-repeat !important;background-size: cover !important;} »][vc_column][/vc_column][/vc_row][vc_row color_scheme= »white » bg_gradient1= »#919191&Prime; css= ».vc_custom_1594215867312{background-color: #d8d8d8 !important;} »][vc_column width= »1/6&Prime;][/vc_column][vc_column width= »3/6&Prime;][vc_column_text] VOULEZ-VOUS VOIR NOS VOITURES DISPONIBLES? [/vc_column_text][/vc_column][vc_column width= »1/6&Prime;][/vc_column][vc_column width= »1/6&Prime;][/vc_column][/vc_row][vc_row][vc_column][vc_empty_space height= »20px »][/vc_column][/vc_row][vc_row equal_height= »yes » content_placement= »middle » css= ».vc_custom_1584790234624{padding-top: 90px !important;padding-bottom: 90px !important;} »][vc_column width= »1/2&Prime; col_padding= »2&Prime; col_padding_side= »right »][vc_single_image image= »7116&Prime; img_size= »800&#215;700&Prime; css_animation= »none » css= ».vc_custom_1572872629642{margin-bottom: 0px !important;} »][/vc_column][vc_column width= »1/2&Prime; col_padding= »2&Prime; col_padding_side= »left »][vc_column_text font_size= »medium »] À propos de nous [/vc_column_text][vc_column_text]La forte [&hellip;]</p>
